{"id":1385,"date":"2021-01-29T00:37:37","date_gmt":"2021-01-29T00:37:37","guid":{"rendered":"https:\/\/insart.quickpage.pl\/?page_id=1385"},"modified":"2021-02-02T18:05:39","modified_gmt":"2021-02-02T18:05:39","slug":"ubezpieczenia","status":"publish","type":"page","link":"https:\/\/insart.com.pl\/index.php\/ubezpieczenia\/","title":{"rendered":"Ubezpieczenia"},"content":{"rendered":"<p>[vc_section bklyn_section_anchor_id=&#8221;Work&#8221; el_name=&#8221;First Section \/ Work&#8221;][vc_row][vc_column width=&#8221;1\/4&#8243;][\/vc_column][vc_column width=&#8221;1\/2&#8243;][vc_column_text el_class=&#8221;tekst_just&#8221;]Immanentn\u0105 cech\u0105 ryzyka szk\u00f3d jest ich nieprzewidywalno\u015b\u0107, a jedynym miejscem sprawdzenia jako\u015bci programu ubezpieczenia jest w\u0142a\u015bnie szkoda. Dok\u0142adamy wszelkich stara\u0144 zar\u00f3wno w procesie plasowania ryzyka jak i udzia\u0142u w procesie likwidacji szk\u00f3d, aby w tych nag\u0142ych przypadkach obietnica ubezpieczeniowa zmaterializowa\u0142a si\u0119 w formie wyp\u0142aty odszkodowania.<\/p>\n<p>Programy ubezpieczeniowe tworzone przy udziale ekspert\u00f3w Insart zawsze s\u0105 odzwierciedleniem oczekiwanej jako\u015bci, przy uwzgl\u0119dnieniu spodziewanej ceny w po\u0142\u0105czeniu z obszarem ryzyka zatrzymanego w organizacji. Ka\u017cdy z Klient\u00f3w otrzymuje indywidualnie przygotowane rozwi\u0105zania ubezpieczeniowe.<\/p>\n<p>Nasz\u0105 specjalno\u015bci\u0105 s\u0105 ryzyka \u201etrudne\u201d, zwi\u0105zane z prowadzeniem: inwestycji budowlano-monta\u017cowych i proces\u00f3w produkcji przemys\u0142owej, niezale\u017cnie od bran\u017cy. Czym trudniej, tym ciekawiej![\/vc_column_text]<style type=\"text\/css\"><\/style><div id=\"bklyn_btn_69e1dd88b4a6f\" class=\"bklyn-btn-holder  bklyn-btn-center\"><a title=\"Powr\u00f3t\"   href=\"https:\/\/www.insart.com.pl\/#zakres\" target=\"_self\" class=\"bklyn-btn bklyn-btn-icon-left bklyn-btn-normal\" ><i class=\"fa fa-reply\"><\/i><span class=\"ut-btn-text\">Powr\u00f3t<\/span><\/a><\/div>[\/vc_column][vc_column width=&#8221;1\/4&#8243;][\/vc_column][\/vc_row][\/vc_section]<\/p>\n","protected":false},"excerpt":{"rendered":"<p>[vc_section bklyn_section_anchor_id=&#8221;Work&#8221; el_name=&#8221;First Section \/ Work&#8221;][vc_row][vc_column width=&#8221;1\/4&#8243;][\/vc_column][vc_column width=&#8221;1\/2&#8243;][vc_column_text el_class=&#8221;tekst_just&#8221;]Immanentn\u0105 cech\u0105 ryzyka szk\u00f3d jest ich nieprzewidywalno\u015b\u0107, a jedynym miejscem sprawdzenia jako\u015bci programu ubezpieczenia jest w\u0142a\u015bnie szkoda. Dok\u0142adamy wszelkich stara\u0144 zar\u00f3wno w procesie plasowania ryzyka jak i udzia\u0142u w procesie likwidacji szk\u00f3d, aby w tych nag\u0142ych przypadkach obietnica ubezpieczeniowa zmaterializowa\u0142a si\u0119 w formie wyp\u0142aty odszkodowania. Programy ubezpieczeniowe [&hellip;]<\/p>\n","protected":false},"author":1,"featured_media":0,"parent":0,"menu_order":0,"comment_status":"closed","ping_status":"closed","template":"","meta":[],"_links":{"self":[{"href":"https:\/\/insart.com.pl\/index.php\/wp-json\/wp\/v2\/pages\/1385"}],"collection":[{"href":"https:\/\/insart.com.pl\/index.php\/wp-json\/wp\/v2\/pages"}],"about":[{"href":"https:\/\/insart.com.pl\/index.php\/wp-json\/wp\/v2\/types\/page"}],"author":[{"embeddable":true,"href":"https:\/\/insart.com.pl\/index.php\/wp-json\/wp\/v2\/users\/1"}],"replies":[{"embeddable":true,"href":"https:\/\/insart.com.pl\/index.php\/wp-json\/wp\/v2\/comments?post=1385"}],"version-history":[{"count":6,"href":"https:\/\/insart.com.pl\/index.php\/wp-json\/wp\/v2\/pages\/1385\/revisions"}],"predecessor-version":[{"id":1436,"href":"https:\/\/insart.com.pl\/index.php\/wp-json\/wp\/v2\/pages\/1385\/revisions\/1436"}],"wp:attachment":[{"href":"https:\/\/insart.com.pl\/index.php\/wp-json\/wp\/v2\/media?parent=1385"}],"curies":[{"name":"wp","href":"https:\/\/api.w.org\/{rel}","templated":true}]}}