{"id":1388,"date":"2021-01-29T00:43:03","date_gmt":"2021-01-29T00:43:03","guid":{"rendered":"https:\/\/insart.quickpage.pl\/?page_id=1388"},"modified":"2021-02-02T18:07:45","modified_gmt":"2021-02-02T18:07:45","slug":"gwarancje","status":"publish","type":"page","link":"https:\/\/insart.com.pl\/index.php\/gwarancje\/","title":{"rendered":"Gwarancje"},"content":{"rendered":"<p>[vc_section bklyn_section_anchor_id=&#8221;Work&#8221; el_name=&#8221;First Section \/ Work&#8221;][vc_row][vc_column width=&#8221;1\/4&#8243;][\/vc_column][vc_column width=&#8221;1\/2&#8243;][vc_column_text el_class=&#8221;tekst_just&#8221;]Mo\u017cliwo\u015b\u0107 realizowania kontrakt\u00f3w jest \u015bci\u015ble uzale\u017cniona od posiadanej dost\u0119pno\u015bci \u015brodk\u00f3w pieni\u0119\u017cnych. Gwarancje ubezpieczeniowe s\u0105 alternatywnym rozwi\u0105zaniem dla blokady \u015brodk\u00f3w pieni\u0119\u017cnych, poniewa\u017c umo\u017cliwiaj\u0105 ustanowienie zabezpieczenia realizacji kontrakt\u00f3w bez konieczno\u015bci absorpcji \u015brodk\u00f3w w\u0142asnych.<\/p>\n<p>Specyfika i z\u0142o\u017cono\u015b\u0107 produktu wymaga specjalistycznej wiedzy z zakresu prawa i finans\u00f3w. Dzia\u0142aj\u0105c proaktywnie uczestniczymy w ca\u0142ym procesie pozyskania gwarancji. Ju\u017c w pocz\u0105tkowej jego fazie dokonujemy analizy finansowej przedsi\u0119biorstwa oraz analizy zapis\u00f3w kontraktu, co z kolei przek\u0142ada si\u0119 na efektywne zarz\u0105dzanie procesem pozyskania gwarancji, a w p\u00f3\u017aniejszym etapie na zarz\u0105dzanie limitami gwarancyjnymi.<\/p>\n<p>Gwarancje ubezpieczeniowe szczeg\u00f3lnym zainteresowaniem ciesz\u0105 si\u0119 w\u015br\u00f3d firm budowlanych i g\u0142\u00f3wnie nasze dzia\u0142ania s\u0105 skierowane na obs\u0142ug\u0119 gwarancji kontraktowych. Jednak opr\u00f3cz gwarancji kontraktowych specjalizujemy si\u0119 r\u00f3wnie\u017c w pozosta\u0142ych rodzajach gwarancji wymaganych przepisami prawa oraz czynnie uczestniczymy w tworzeniu zapis\u00f3w gwarancji zabezpieczaj\u0105cych transakcje wykraczaj\u0105ce poza standardowe wzorce umowy.[\/vc_column_text]<style type=\"text\/css\"><\/style><div id=\"bklyn_btn_69e1dae144748\" class=\"bklyn-btn-holder  bklyn-btn-center\"><a title=\"Powr\u00f3t\"   href=\"https:\/\/www.insart.com.pl\/#zakres\" target=\"_self\" class=\"bklyn-btn bklyn-btn-icon-left bklyn-btn-normal\" ><i class=\"fa fa-reply\"><\/i><span class=\"ut-btn-text\">Powr\u00f3t<\/span><\/a><\/div>[\/vc_column][vc_column width=&#8221;1\/4&#8243;][\/vc_column][\/vc_row][\/vc_section]<\/p>\n","protected":false},"excerpt":{"rendered":"<p>[vc_section bklyn_section_anchor_id=&#8221;Work&#8221; el_name=&#8221;First Section \/ Work&#8221;][vc_row][vc_column width=&#8221;1\/4&#8243;][\/vc_column][vc_column width=&#8221;1\/2&#8243;][vc_column_text el_class=&#8221;tekst_just&#8221;]Mo\u017cliwo\u015b\u0107 realizowania kontrakt\u00f3w jest \u015bci\u015ble uzale\u017cniona od posiadanej dost\u0119pno\u015bci \u015brodk\u00f3w pieni\u0119\u017cnych. Gwarancje ubezpieczeniowe s\u0105 alternatywnym rozwi\u0105zaniem dla blokady \u015brodk\u00f3w pieni\u0119\u017cnych, poniewa\u017c umo\u017cliwiaj\u0105 ustanowienie zabezpieczenia realizacji kontrakt\u00f3w bez konieczno\u015bci absorpcji \u015brodk\u00f3w w\u0142asnych. Specyfika i z\u0142o\u017cono\u015b\u0107 produktu wymaga specjalistycznej wiedzy z zakresu prawa i finans\u00f3w. Dzia\u0142aj\u0105c proaktywnie uczestniczymy w [&hellip;]<\/p>\n","protected":false},"author":1,"featured_media":0,"parent":0,"menu_order":0,"comment_status":"closed","ping_status":"closed","template":"","meta":[],"_links":{"self":[{"href":"https:\/\/insart.com.pl\/index.php\/wp-json\/wp\/v2\/pages\/1388"}],"collection":[{"href":"https:\/\/insart.com.pl\/index.php\/wp-json\/wp\/v2\/pages"}],"about":[{"href":"https:\/\/insart.com.pl\/index.php\/wp-json\/wp\/v2\/types\/page"}],"author":[{"embeddable":true,"href":"https:\/\/insart.com.pl\/index.php\/wp-json\/wp\/v2\/users\/1"}],"replies":[{"embeddable":true,"href":"https:\/\/insart.com.pl\/index.php\/wp-json\/wp\/v2\/comments?post=1388"}],"version-history":[{"count":3,"href":"https:\/\/insart.com.pl\/index.php\/wp-json\/wp\/v2\/pages\/1388\/revisions"}],"predecessor-version":[{"id":1438,"href":"https:\/\/insart.com.pl\/index.php\/wp-json\/wp\/v2\/pages\/1388\/revisions\/1438"}],"wp:attachment":[{"href":"https:\/\/insart.com.pl\/index.php\/wp-json\/wp\/v2\/media?parent=1388"}],"curies":[{"name":"wp","href":"https:\/\/api.w.org\/{rel}","templated":true}]}}